7 + 2 = b. Is g a composite number?
False
Suppose 3*f = 5*c - 92, -3 + 1 = -2*f. Is c composite?
False
Suppose -5*a = -0*a - 70. Is a composite?
True
Suppose -3*i + 25 = -3*r + 460, -r = -4*i - 145. Suppose 0 = -5*y + 5*v + r, -3*y + 0*y - v + 95 = 0. Is y a composite number?
False
Suppose -5 - 1 = -z. Let g(h) = 7*h**2 + 1 + z - 3. Is g(3) a prime number?
True
Let d(t) = t**2 - 7*t + 2. Let r be d(5). Let n be -7 + r - (-1 + -2). Let m = n + 19. Is m composite?
False
Let v(x) = 5*x**2. Let r be v(3). Suppose -r = -p + 81. Suppose t - 45 = -3*n, 0 = 5*t + 3*n - 75 - p. Is t prime?
False
Let g be ((-2 - 1)*-1)/1. Suppose i + g*i - 220 = 0. Is i a prime number?
False
Let y(k) = 229*k - 14. Is y(3) prime?
True
Let o be -3 + (1 - 4)/(-1). Suppose o*y - y + 19 = 0. Is y composite?
False
Let q(y) = 15*y. Let c be q(4). Let d = c - 29. Is d prime?
True
Suppose 3*j = -2*l + 23, l - 2*j - 2*j = -16. Suppose 4*u + 2*r - 12 = u, -l*r - 42 = -5*u. Suppose a + 395 = u*a. Is a prime?
True
Suppose -46 = 4*f - 302. Suppose 4*x = 420 - f. Is x composite?
False
Let p = 2766 + -1519. Is p prime?
False
Let k(r) = 8*r + 3. Suppose 3*x - 7 = -4*g, 4*x + 0*g = 3*g + 26. Suppose -2*w - x*i = w + 7, -w + 4*i = -26. Is k(w) a composite number?
True
Is ((-872)/(-4))/((-4)/(-2)) a prime number?
True
Suppose -2*q = 1 - 9. Is 1/q + 55/4 composite?
True
Suppose -k + 19 = -4*o, 5*k = o + 9 + 10. Suppose -5*g - 43 = k*d - 145, -4*g - 207 = -5*d. Is d composite?
True
Suppose 0*a - 1541 = -5*p + 2*a, p - a - 310 = 0. Is p a prime number?
True
Let a be 37/(((-15)/9)/(-5)). Suppose -3*r + a = 18. Is r prime?
True
Let k = -78 + 148. Suppose 0 = -2*a - 1 + 3, -5*a = -5*l + k. Suppose -4*f = -l - 9. Is f prime?
False
Is 12621/49 - 8/14 composite?
False
Suppose 4*a - 5*y - 50 = 812, 3*a - 645 = 3*y. Is a a prime number?
False
Let u be (-2)/(-8) + (-79)/(-4). Let i be u/9 - (-4)/(-18). Suppose -3*k = -i*k - 19. Is k a prime number?
True
Is 8/((-16)/(-670)) - 4 a composite number?
False
Let h(c) = -c**3 + 3*c**2 - c + 3. Let r be h(3). Suppose r = 10*b - 14*b + 140. Is b a composite number?
True
Suppose -476 = -2*x + 2*z + z, z = -x + 233. Is x a prime number?
False
Let p = 2296 - 913. Is p composite?
True
Suppose -419 = -4*m + 2*l + 1235, -m + 416 = -l. Is m composite?
True
Suppose -5*s + 83 = 2*r, -2*r + 3*s - 23 = -130. Suppose w - 30 = r. Is w prime?
True
Suppose -5*l = -l - 2668. Is l a composite number?
True
Suppose -4*l - 2 = p + 72, l - 3*p = -12. Is (-634)/(-3)*(-27)/l a composite number?
False
Let p(w) = 3*w + 3. Is p(6) a prime number?
False
Let i(v) be the first derivative of -v**4/4 - 4*v**3/3 - 5*v**2/2 + 5*v - 4. Is i(-5) prime?
False
Suppose -2*u - 2*k = -216, 123 = u - 0*k - 2*k. Suppose 0 = r - u + 13. Let p = r - 11. Is p composite?
False
Is 1/6 + (-8900)/(-24) composite?
True
Let c(i) = i + 1. Let b(o) = -196*o - 5. Let g(p) = b(p) + 3*c(p). Is g(-1) prime?
True
Let o(i) = -66*i - 15. Is o(-7) composite?
True
Let v(h) = h**2 + h. Let b be v(-1). Suppose b*m - 548 = -2*m. Suppose -4*p + 302 = 3*q - 242, 2*q - m = -2*p. Is p composite?
True
Suppose 2*r - 4*p = -5*p + 8, 2*p = 5*r - 29. Suppose -1629 = -r*g - 3*y - 529, -2*g + 409 = -5*y. Is g a composite number?
True
Suppose 0 = -2*f + 2*z + z + 298, 3*f + 2*z = 447. Is f composite?
False
Suppose -4*u + 0 + 40 = 0. Is (-4)/u*1110/(-6) a prime number?
False
Suppose -3*p = 19 + 5. Is 2/p + (-1545)/(-20) a composite number?
True
Let z(w) = 827*w**2 + w + 1. Let a be z(-1). Suppose a = 3*x + 188. Is x composite?
True
Let a(m) be the first derivative of m**3/3 + 3*m**2/2 - 3*m + 1. Is a(4) a composite number?
True
Suppose 5*i - 2*v - 13 = 0, -4*i + i - 4*v = -13. Suppose -2*q + 5*q = i, -q = 5*b - 106. Is b composite?
True
Suppose -13033 - 1748 = -3*l + 3*j, 3*l + 2*j = 14801. Is l prime?
True
Is 2036/8 - 1/2 a prime number?
False
Let o = 280 - 86. Is o a composite number?
True
Suppose 0 = -3*q - 0*q. Suppose -2*l - 41 = -3*n, 2*n - 5*l + q*l - 42 = 0. Is n composite?
False
Let h be ((-2)/(-4))/((-2)/(-20)). Suppose 0*s = -h*s. Let n(j) = -j**2 - j + 15. Is n(s) composite?
True
Is 1/(-22)*4 - 39243/(-33) prime?
False
Suppose 19 = a - 4*q, 2*a - q = -2*q + 2. Let j = -52 - -37. Is (-10)/j + 109/a prime?
True
Let p(d) = 3*d**2 - 8*d - 3. Let g be p(-7). Suppose 0 = 5*r + n + 182, 8*r = 3*r + 5*n - g. Let s = 16 - r. Is s a prime number?
True
Let q be 36/(-5)*40/(-3). Suppose 0*v + 2*v = -106. Let x = v + q. Is x a composite number?
False
Suppose 31*p - 35*p + 884 = 0. Is p a composite number?
True
Suppose 3*u - 2*u = 4, 3*f + 3*u - 1107 = 0. Is f composite?
True
Suppose 76*t - 78 = 73*t. Suppose -u = -0*u - 3. Suppose -t = -u*c + c. Is c a composite number?
False
Suppose 0 = l - 2, 0*h - 2*h + 2886 = 4*l. Is h prime?
True
Suppose -3*v = -9 - 12. Let i(w) be the third derivative of w**6/120 - 2*w**5/15 + w**4/3 + w**3/2 - w**2. Is i(v) prime?
False
Suppose -2*m + 661 = -1737. Is m a composite number?
True
Let q = 30 + -12. Is 423/q - 3/(-2) prime?
False
Suppose 3*a + 265 = 8*a. Let b be (-2)/(-1)*64/(-4). Let j = a + b. Is j composite?
True
Let m(k) = 2*k**2 + 6*k + 4. Let i be m(9). Let z = i - 9. Is z a prime number?
True
Suppose -41*i = -36*i - 445. Is i a composite number?
False
Let d = -408 + 1109. Is d prime?
True
Let z = -46 + 87. Let p(g) = g**3 - 14*g**2 - 18*g + 35. Let m be p(15). Let v = m + z. Is v composite?
False
Suppose 3*d = 624 - 27. Is d prime?
True
Suppose -5 = -4*r + 3*d + 18, -r + 5*d + 10 = 0. Suppose -r*y + 555 = -0*y. Is y composite?
True
Suppose -3*q + 8 = -5*t + 1, -3*t - 39 = 4*q. Is (1 - 0) + (-342)/q a prime number?
False
Is (3 - 2967/(-9))/((-8)/(-12)) prime?
True
Let a be 1*-6*(-2)/4. Suppose 0 = -a*z - z + 88. Is z composite?
True
Let d be 442/6 - (-2)/(-3). Suppose -4*n = -111 - d. Suppose 0 = -3*v + 11 + n. Is v a composite number?
False
Suppose -3297 = -6*z + 14733. Is z composite?
True
Let h = 313 - 171. Is h prime?
False
Let y be 0/(-3*(-2)/(-3)). Suppose -v + 4*l + 5 + 22 = y, 0 = -2*l + 2. Is v a composite number?
False
Let q = -14 + 2. Is (-118)/q + 5/30 a prime number?
False
Let r(u) = u**3 + 6*u**2 + 4. Let p be r(-6). Suppose -13 + 237 = -p*o. Let y = 79 + o. Is y a composite number?
False
Let o be (0 - -2)/((-5)/(-59))*30. Let y be 1 + 0 + (-1374)/(-3). Let d = o - y. Is d composite?
True
Suppose -27*k = -22*k - 8285. Is k prime?
True
Suppose -2*l = -5*k - 8, 20 = -2*l + 4*l - 2*k. Is l a composite number?
True
Let t(h) = -637*h**2 + h - 4. Let s(a) = -212*a**2 - 1. Let y(x) = -7*s(x) + 2*t(x). Is y(1) prime?
True
Let f(n) = 7*n + 11*n - 4 + 8 - 7*n. Is f(3) a prime number?
True
Let l(s) = 2*s - s - 16*s. Let v be l(-2). Suppose -c + v = -83. Is c a prime number?
True
Let h be -1 + 1 + 2 - -2. Let m(u) = -5*u + 8*u + 13*u + 9*u + h. Is m(3) prime?
True
Let f be 2 + 10/(-2) - -3. Suppose -2*t + 0*t + 50 = f. Is t composite?
True
Is 2 + -5 - (-1954 + (2 - 0)) a prime number?
True
Let z = 168 - 115. Is z a prime number?
True
Let n = 21 + -30. Let q be -3*30/n - 0. Suppose -3*c + l = -4*c + q, -12 = 3*l. Is c a prime number?
False
Let y(t) = -21 - 6 - 5*t - 15*t. Let f(s) = 7*s + 9. Let x(n) = 8*f(n) + 3*y(n). Is x(-8) composite?
False
Is (2 - -1) + 1 + 187 a composite number?
False
Let z = -88 - -295. Let a = -101 + z. Suppose 255 = b + a. Is b composite?
False
Let n(l) = 5. Let z(f) = f - 6. Let b(c) = 2*c - 2. Let r be b(2). Let p(t) = r*z(t) + 3*n(t). Is p(6) composite?
True
Suppose 4*g + 5*c + 45 = 0, -4*c - 72 + 9 = 5*g. Let a be (g/6)/(2/24). Is (-1)/((-57)/a + -2) a prime number?
False
Suppose 0 = 4*x - u - 32, 3*u - 16 = -4*x - 0*u. Let m(r) = 6*r**2 - 8*r - 7. Let a be m(x). Suppose -5*t + 2*t = -a. Is t a composite number?
True
Let i = 8 + -3. Suppose -i*a + 154 + 144 = n, -2*n = -6. Is a a prime number?
True
Let i = 14 - 12. Is (i*-1)/((-4)/298) composite?
False
Let q(g) = 73*g**2 + g. Is q(1) prime?
False
Suppose -3*q + 5*q = -3*o + 42, 3*q - 57 = -3*o. Suppose -9 = -5*f + 11. Let z = q + f. Is z a composite number?
False
Let j = 293 - 166. Is j a composite number?
False
Suppose -5*l + 2*l + 117 = 0. Is l a composite number?
True
Let v = -1 - 12. Let d = -2 - v. Is d prime?
True
Let k be 8578/6 + 1/3. Suppose 0 = -5*i - 115 + k. Is i a prime number?
True
Let b(a) = -a